{"id":1605,"date":"2026-04-11T03:04:45","date_gmt":"2026-04-11T01:04:45","guid":{"rendered":"https:\/\/nextglow.be\/?page_id=1605"},"modified":"2026-04-11T15:06:23","modified_gmt":"2026-04-11T13:06:23","slug":"conseils","status":"publish","type":"page","link":"https:\/\/nextglow.be\/index.php\/conseils\/","title":{"rendered":"Conseils"},"content":{"rendered":"\n<hr class=\"wp-block-separator has-alpha-channel-opacity\"\/>\n\n\n\n<div style=\"height:23px\" aria-hidden=\"true\" class=\"wp-block-spacer\"><\/div>\n\n\n\n<div class=\"wp-block-query is-layout-flow wp-block-query-is-layout-flow\"><ul class=\"wp-block-post-template is-layout-flow wp-block-post-template-is-layout-flow\"><li class=\"wp-block-post post-1619 post type-post status-publish format-standard has-post-thumbnail hentry category-conseils\">\n\n<div class=\"wp-block-columns are-vertically-aligned-center is-layout-flex wp-container-core-columns-is-layout-28f84493 wp-block-columns-is-layout-flex\">\n<div class=\"wp-block-column is-vertically-aligned-center is-layout-flow wp-block-column-is-layout-flow\" style=\"flex-basis:25%\"><figure class=\"wp-block-post-featured-image\"><a href=\"https:\/\/nextglow.be\/index.php\/2026\/04\/11\/cure-minceur-combien-de-temps-pour-voir-des-resultats\/\" target=\"_self\"  ><img fetchpriority=\"high\" decoding=\"async\" width=\"2094\" height=\"1288\" src=\"https:\/\/nextglow.be\/wp-content\/uploads\/2025\/08\/Next_Glow_ensemble_amb03-e1775910069460.jpg\" class=\"attachment-post-thumbnail size-post-thumbnail wp-post-image\" alt=\"Cure minceur : combien de temps pour voir des r\u00e9sultats ?\" style=\"object-fit:cover;\" srcset=\"https:\/\/nextglow.be\/wp-content\/uploads\/2025\/08\/Next_Glow_ensemble_amb03-e1775910069460.jpg 2094w, https:\/\/nextglow.be\/wp-content\/uploads\/2025\/08\/Next_Glow_ensemble_amb03-e1775910069460-600x369.jpg 600w, https:\/\/nextglow.be\/wp-content\/uploads\/2025\/08\/Next_Glow_ensemble_amb03-e1775910069460-300x185.jpg 300w, https:\/\/nextglow.be\/wp-content\/uploads\/2025\/08\/Next_Glow_ensemble_amb03-e1775910069460-1024x630.jpg 1024w, https:\/\/nextglow.be\/wp-content\/uploads\/2025\/08\/Next_Glow_ensemble_amb03-e1775910069460-768x472.jpg 768w, https:\/\/nextglow.be\/wp-content\/uploads\/2025\/08\/Next_Glow_ensemble_amb03-e1775910069460-1536x945.jpg 1536w, https:\/\/nextglow.be\/wp-content\/uploads\/2025\/08\/Next_Glow_ensemble_amb03-e1775910069460-2048x1260.jpg 2048w\" sizes=\"(max-width: 2094px) 100vw, 2094px\" \/><span class=\"wp-block-post-featured-image__overlay has-background-dim has-background-dim-10\" style=\"\" aria-hidden=\"true\"><\/span><\/a><\/figure><\/div>\n\n\n\n<div class=\"wp-block-column is-vertically-aligned-center is-layout-flow wp-block-column-is-layout-flow\" style=\"flex-basis:75%\"><h2 class=\"has-link-color wp-elements-ad972b4fc37ba6dbd3c1b1e25e7ccbb0 wp-block-post-title has-text-color has-mono-1-color\"><a href=\"https:\/\/nextglow.be\/index.php\/2026\/04\/11\/cure-minceur-combien-de-temps-pour-voir-des-resultats\/\" target=\"_self\" >Cure minceur : combien de temps pour voir des r\u00e9sultats ?<\/a><\/h2><\/div>\n<\/div>\n\n<\/li><li class=\"wp-block-post post-1617 post type-post status-publish format-standard has-post-thumbnail hentry category-conseils\">\n\n<div class=\"wp-block-columns are-vertically-aligned-center is-layout-flex wp-container-core-columns-is-layout-28f84493 wp-block-columns-is-layout-flex\">\n<div class=\"wp-block-column is-vertically-aligned-center is-layout-flow wp-block-column-is-layout-flow\" style=\"flex-basis:25%\"><figure class=\"wp-block-post-featured-image\"><a href=\"https:\/\/nextglow.be\/index.php\/2026\/04\/11\/routine-silhouette-comment-sorganiser-simplement-sur-30-jours\/\" target=\"_self\"  ><img decoding=\"async\" width=\"2560\" height=\"1707\" src=\"https:\/\/nextglow.be\/wp-content\/uploads\/2026\/04\/pexels-freestockpro-9260506-scaled.jpg\" class=\"attachment-post-thumbnail size-post-thumbnail wp-post-image\" alt=\"Routine silhouette : comment s\u2019organiser simplement sur 30 jours ?\" style=\"object-fit:cover;\" srcset=\"https:\/\/nextglow.be\/wp-content\/uploads\/2026\/04\/pexels-freestockpro-9260506-scaled.jpg 2560w, https:\/\/nextglow.be\/wp-content\/uploads\/2026\/04\/pexels-freestockpro-9260506-300x200.jpg 300w, https:\/\/nextglow.be\/wp-content\/uploads\/2026\/04\/pexels-freestockpro-9260506-1024x683.jpg 1024w, https:\/\/nextglow.be\/wp-content\/uploads\/2026\/04\/pexels-freestockpro-9260506-768x512.jpg 768w, https:\/\/nextglow.be\/wp-content\/uploads\/2026\/04\/pexels-freestockpro-9260506-1536x1024.jpg 1536w, https:\/\/nextglow.be\/wp-content\/uploads\/2026\/04\/pexels-freestockpro-9260506-2048x1365.jpg 2048w, https:\/\/nextglow.be\/wp-content\/uploads\/2026\/04\/pexels-freestockpro-9260506-600x400.jpg 600w\" sizes=\"(max-width: 2560px) 100vw, 2560px\" \/><span class=\"wp-block-post-featured-image__overlay has-background-dim has-background-dim-10\" style=\"\" aria-hidden=\"true\"><\/span><\/a><\/figure><\/div>\n\n\n\n<div class=\"wp-block-column is-vertically-aligned-center is-layout-flow wp-block-column-is-layout-flow\" style=\"flex-basis:75%\"><h2 class=\"has-link-color wp-elements-ad972b4fc37ba6dbd3c1b1e25e7ccbb0 wp-block-post-title has-text-color has-mono-1-color\"><a href=\"https:\/\/nextglow.be\/index.php\/2026\/04\/11\/routine-silhouette-comment-sorganiser-simplement-sur-30-jours\/\" target=\"_self\" >Routine silhouette : comment s\u2019organiser simplement sur 30 jours ?<\/a><\/h2><\/div>\n<\/div>\n\n<\/li><li class=\"wp-block-post post-1615 post type-post status-publish format-standard has-post-thumbnail hentry category-conseils\">\n\n<div class=\"wp-block-columns are-vertically-aligned-center is-layout-flex wp-container-core-columns-is-layout-28f84493 wp-block-columns-is-layout-flex\">\n<div class=\"wp-block-column is-vertically-aligned-center is-layout-flow wp-block-column-is-layout-flow\" style=\"flex-basis:25%\"><figure class=\"wp-block-post-featured-image\"><a href=\"https:\/\/nextglow.be\/index.php\/2026\/04\/11\/gerer-son-appetit-naturellement-les-bons-reflexes-et-les-limites\/\" target=\"_self\"  ><img decoding=\"async\" width=\"2560\" height=\"1703\" src=\"https:\/\/nextglow.be\/wp-content\/uploads\/2026\/04\/pexels-jb-moordiana-893124516-34439457-scaled.jpg\" class=\"attachment-post-thumbnail size-post-thumbnail wp-post-image\" alt=\"G\u00e9rer son app\u00e9tit naturellement : les bons r\u00e9flexes et les limites\" style=\"object-fit:cover;\" srcset=\"https:\/\/nextglow.be\/wp-content\/uploads\/2026\/04\/pexels-jb-moordiana-893124516-34439457-scaled.jpg 2560w, https:\/\/nextglow.be\/wp-content\/uploads\/2026\/04\/pexels-jb-moordiana-893124516-34439457-300x200.jpg 300w, https:\/\/nextglow.be\/wp-content\/uploads\/2026\/04\/pexels-jb-moordiana-893124516-34439457-1024x681.jpg 1024w, https:\/\/nextglow.be\/wp-content\/uploads\/2026\/04\/pexels-jb-moordiana-893124516-34439457-768x511.jpg 768w, https:\/\/nextglow.be\/wp-content\/uploads\/2026\/04\/pexels-jb-moordiana-893124516-34439457-1536x1022.jpg 1536w, https:\/\/nextglow.be\/wp-content\/uploads\/2026\/04\/pexels-jb-moordiana-893124516-34439457-2048x1363.jpg 2048w, https:\/\/nextglow.be\/wp-content\/uploads\/2026\/04\/pexels-jb-moordiana-893124516-34439457-600x399.jpg 600w\" sizes=\"(max-width: 2560px) 100vw, 2560px\" \/><span class=\"wp-block-post-featured-image__overlay has-background-dim has-background-dim-10\" style=\"\" aria-hidden=\"true\"><\/span><\/a><\/figure><\/div>\n\n\n\n<div class=\"wp-block-column is-vertically-aligned-center is-layout-flow wp-block-column-is-layout-flow\" style=\"flex-basis:75%\"><h2 class=\"has-link-color wp-elements-ad972b4fc37ba6dbd3c1b1e25e7ccbb0 wp-block-post-title has-text-color has-mono-1-color\"><a href=\"https:\/\/nextglow.be\/index.php\/2026\/04\/11\/gerer-son-appetit-naturellement-les-bons-reflexes-et-les-limites\/\" target=\"_self\" >G\u00e9rer son app\u00e9tit naturellement : les bons r\u00e9flexes et les limites<\/a><\/h2><\/div>\n<\/div>\n\n<\/li><li class=\"wp-block-post post-1612 post type-post status-publish format-standard has-post-thumbnail hentry category-conseils\">\n\n<div class=\"wp-block-columns are-vertically-aligned-center is-layout-flex wp-container-core-columns-is-layout-28f84493 wp-block-columns-is-layout-flex\">\n<div class=\"wp-block-column is-vertically-aligned-center is-layout-flow wp-block-column-is-layout-flow\" style=\"flex-basis:25%\"><figure class=\"wp-block-post-featured-image\"><a href=\"https:\/\/nextglow.be\/index.php\/2026\/04\/11\/drainage-et-retention-deau-comprendre-pour-retrouver-une-sensation-de-legerete\/\" target=\"_self\"  ><img loading=\"lazy\" decoding=\"async\" width=\"1536\" height=\"1024\" src=\"https:\/\/nextglow.be\/wp-content\/uploads\/2026\/04\/ChatGPT-Image-Mar-3_-2026_-07_49_50-AM.webp\" class=\"attachment-post-thumbnail size-post-thumbnail wp-post-image\" alt=\"Drainage et r\u00e9tention d\u2019eau : comprendre pour retrouver une sensation de l\u00e9g\u00e8ret\u00e9\" style=\"object-fit:cover;\" srcset=\"https:\/\/nextglow.be\/wp-content\/uploads\/2026\/04\/ChatGPT-Image-Mar-3_-2026_-07_49_50-AM.webp 1536w, https:\/\/nextglow.be\/wp-content\/uploads\/2026\/04\/ChatGPT-Image-Mar-3_-2026_-07_49_50-AM-300x200.webp 300w, https:\/\/nextglow.be\/wp-content\/uploads\/2026\/04\/ChatGPT-Image-Mar-3_-2026_-07_49_50-AM-1024x683.webp 1024w, https:\/\/nextglow.be\/wp-content\/uploads\/2026\/04\/ChatGPT-Image-Mar-3_-2026_-07_49_50-AM-768x512.webp 768w, https:\/\/nextglow.be\/wp-content\/uploads\/2026\/04\/ChatGPT-Image-Mar-3_-2026_-07_49_50-AM-600x400.webp 600w\" sizes=\"(max-width: 1536px) 100vw, 1536px\" \/><span class=\"wp-block-post-featured-image__overlay has-background-dim has-background-dim-10\" style=\"\" aria-hidden=\"true\"><\/span><\/a><\/figure><\/div>\n\n\n\n<div class=\"wp-block-column is-vertically-aligned-center is-layout-flow wp-block-column-is-layout-flow\" style=\"flex-basis:75%\"><h2 class=\"has-link-color wp-elements-ad972b4fc37ba6dbd3c1b1e25e7ccbb0 wp-block-post-title has-text-color has-mono-1-color\"><a href=\"https:\/\/nextglow.be\/index.php\/2026\/04\/11\/drainage-et-retention-deau-comprendre-pour-retrouver-une-sensation-de-legerete\/\" target=\"_self\" >Drainage et r\u00e9tention d\u2019eau : comprendre pour retrouver une sensation de l\u00e9g\u00e8ret\u00e9<\/a><\/h2><\/div>\n<\/div>\n\n<\/li><li class=\"wp-block-post post-1606 post type-post status-publish format-standard has-post-thumbnail hentry category-conseils\">\n\n<div class=\"wp-block-columns are-vertically-aligned-center is-layout-flex wp-container-core-columns-is-layout-28f84493 wp-block-columns-is-layout-flex\">\n<div class=\"wp-block-column is-vertically-aligned-center is-layout-flow wp-block-column-is-layout-flow\" style=\"flex-basis:25%\"><figure class=\"wp-block-post-featured-image\"><a href=\"https:\/\/nextglow.be\/index.php\/2026\/04\/11\/a-quoi-servent-vraiment-les-complements-alimentaires\/\" target=\"_self\"  ><img loading=\"lazy\" decoding=\"async\" width=\"2560\" height=\"1707\" src=\"https:\/\/nextglow.be\/wp-content\/uploads\/2026\/04\/pexels-towfiqu-barbhuiya-3440682-15038477-scaled.jpg\" class=\"attachment-post-thumbnail size-post-thumbnail wp-post-image\" alt=\"\u00c0 quoi servent vraiment les compl\u00e9ments alimentaires ?\" style=\"object-fit:cover;\" srcset=\"https:\/\/nextglow.be\/wp-content\/uploads\/2026\/04\/pexels-towfiqu-barbhuiya-3440682-15038477-scaled.jpg 2560w, https:\/\/nextglow.be\/wp-content\/uploads\/2026\/04\/pexels-towfiqu-barbhuiya-3440682-15038477-300x200.jpg 300w, https:\/\/nextglow.be\/wp-content\/uploads\/2026\/04\/pexels-towfiqu-barbhuiya-3440682-15038477-1024x683.jpg 1024w, https:\/\/nextglow.be\/wp-content\/uploads\/2026\/04\/pexels-towfiqu-barbhuiya-3440682-15038477-768x512.jpg 768w, https:\/\/nextglow.be\/wp-content\/uploads\/2026\/04\/pexels-towfiqu-barbhuiya-3440682-15038477-1536x1024.jpg 1536w, https:\/\/nextglow.be\/wp-content\/uploads\/2026\/04\/pexels-towfiqu-barbhuiya-3440682-15038477-2048x1365.jpg 2048w, https:\/\/nextglow.be\/wp-content\/uploads\/2026\/04\/pexels-towfiqu-barbhuiya-3440682-15038477-600x400.jpg 600w\" sizes=\"(max-width: 2560px) 100vw, 2560px\" \/><span class=\"wp-block-post-featured-image__overlay has-background-dim has-background-dim-10\" style=\"\" aria-hidden=\"true\"><\/span><\/a><\/figure><\/div>\n\n\n\n<div class=\"wp-block-column is-vertically-aligned-center is-layout-flow wp-block-column-is-layout-flow\" style=\"flex-basis:75%\"><h2 class=\"has-link-color wp-elements-ad972b4fc37ba6dbd3c1b1e25e7ccbb0 wp-block-post-title has-text-color has-mono-1-color\"><a href=\"https:\/\/nextglow.be\/index.php\/2026\/04\/11\/a-quoi-servent-vraiment-les-complements-alimentaires\/\" target=\"_self\" >\u00c0 quoi servent vraiment les compl\u00e9ments alimentaires ?<\/a><\/h2><\/div>\n<\/div>\n\n<\/li><li class=\"wp-block-post post-1574 post type-post status-publish format-standard has-post-thumbnail hentry category-conseils\">\n\n<div class=\"wp-block-columns are-vertically-aligned-center is-layout-flex wp-container-core-columns-is-layout-28f84493 wp-block-columns-is-layout-flex\">\n<div class=\"wp-block-column is-vertically-aligned-center is-layout-flow wp-block-column-is-layout-flow\" style=\"flex-basis:25%\"><figure class=\"wp-block-post-featured-image\"><a href=\"https:\/\/nextglow.be\/index.php\/2026\/04\/11\/sinetrol-quels-sont-ses-bienfaits-pour-la-gestion-du-poids\/\" target=\"_self\"  ><img loading=\"lazy\" decoding=\"async\" width=\"2560\" height=\"1707\" src=\"https:\/\/nextglow.be\/wp-content\/uploads\/2026\/04\/pexels-roman-odintsov-5855884-scaled.jpg\" class=\"attachment-post-thumbnail size-post-thumbnail wp-post-image\" alt=\"Sinetrol\u00ae : quels sont ses bienfaits pour la gestion du poids ?\" style=\"object-fit:cover;\" srcset=\"https:\/\/nextglow.be\/wp-content\/uploads\/2026\/04\/pexels-roman-odintsov-5855884-scaled.jpg 2560w, https:\/\/nextglow.be\/wp-content\/uploads\/2026\/04\/pexels-roman-odintsov-5855884-300x200.jpg 300w, https:\/\/nextglow.be\/wp-content\/uploads\/2026\/04\/pexels-roman-odintsov-5855884-1024x683.jpg 1024w, https:\/\/nextglow.be\/wp-content\/uploads\/2026\/04\/pexels-roman-odintsov-5855884-768x512.jpg 768w, https:\/\/nextglow.be\/wp-content\/uploads\/2026\/04\/pexels-roman-odintsov-5855884-1536x1024.jpg 1536w, https:\/\/nextglow.be\/wp-content\/uploads\/2026\/04\/pexels-roman-odintsov-5855884-2048x1365.jpg 2048w, https:\/\/nextglow.be\/wp-content\/uploads\/2026\/04\/pexels-roman-odintsov-5855884-600x400.jpg 600w\" sizes=\"(max-width: 2560px) 100vw, 2560px\" \/><span class=\"wp-block-post-featured-image__overlay has-background-dim has-background-dim-10\" style=\"\" aria-hidden=\"true\"><\/span><\/a><\/figure><\/div>\n\n\n\n<div class=\"wp-block-column is-vertically-aligned-center is-layout-flow wp-block-column-is-layout-flow\" style=\"flex-basis:75%\"><h2 class=\"has-link-color wp-elements-ad972b4fc37ba6dbd3c1b1e25e7ccbb0 wp-block-post-title has-text-color has-mono-1-color\"><a href=\"https:\/\/nextglow.be\/index.php\/2026\/04\/11\/sinetrol-quels-sont-ses-bienfaits-pour-la-gestion-du-poids\/\" target=\"_self\" >Sinetrol\u00ae : quels sont ses bienfaits pour la gestion du poids ?<\/a><\/h2><\/div>\n<\/div>\n\n<\/li><\/ul><\/div>\n\n\n\n<p><\/p>\n","protected":false},"excerpt":{"rendered":"","protected":false},"author":4,"featured_media":0,"parent":0,"menu_order":0,"comment_status":"closed","ping_status":"closed","template":"","meta":{"footnotes":""},"class_list":["post-1605","page","type-page","status-publish","hentry"],"yoast_head":"<!-- This site is optimized with the Yoast SEO plugin v27.3 - https:\/\/yoast.com\/product\/yoast-seo-wordpress\/ -->\n<title>Conseils - Next Glow<\/title>\n<meta name=\"robots\" content=\"index, follow, max-snippet:-1, max-image-preview:large, max-video-preview:-1\" \/>\n<link rel=\"canonical\" href=\"https:\/\/nextglow.be\/index.php\/conseils\/\" \/>\n<meta property=\"og:locale\" content=\"fr_FR\" \/>\n<meta property=\"og:type\" content=\"article\" \/>\n<meta property=\"og:title\" content=\"Conseils - Next Glow\" \/>\n<meta property=\"og:url\" content=\"https:\/\/nextglow.be\/index.php\/conseils\/\" \/>\n<meta property=\"og:site_name\" content=\"Next Glow\" \/>\n<meta property=\"article:modified_time\" content=\"2026-04-11T13:06:23+00:00\" \/>\n<meta name=\"twitter:card\" content=\"summary_large_image\" \/>\n<script type=\"application\/ld+json\" class=\"yoast-schema-graph\">{\"@context\":\"https:\\\/\\\/schema.org\",\"@graph\":[{\"@type\":\"WebPage\",\"@id\":\"https:\\\/\\\/nextglow.be\\\/index.php\\\/conseils\\\/\",\"url\":\"https:\\\/\\\/nextglow.be\\\/index.php\\\/conseils\\\/\",\"name\":\"Conseils - Next Glow\",\"isPartOf\":{\"@id\":\"https:\\\/\\\/nextglow.be\\\/#website\"},\"datePublished\":\"2026-04-11T01:04:45+00:00\",\"dateModified\":\"2026-04-11T13:06:23+00:00\",\"breadcrumb\":{\"@id\":\"https:\\\/\\\/nextglow.be\\\/index.php\\\/conseils\\\/#breadcrumb\"},\"inLanguage\":\"fr-FR\",\"potentialAction\":[{\"@type\":\"ReadAction\",\"target\":[\"https:\\\/\\\/nextglow.be\\\/index.php\\\/conseils\\\/\"]}]},{\"@type\":\"BreadcrumbList\",\"@id\":\"https:\\\/\\\/nextglow.be\\\/index.php\\\/conseils\\\/#breadcrumb\",\"itemListElement\":[{\"@type\":\"ListItem\",\"position\":1,\"name\":\"Accueil\",\"item\":\"https:\\\/\\\/nextglow.be\\\/\"},{\"@type\":\"ListItem\",\"position\":2,\"name\":\"Conseils\"}]},{\"@type\":\"WebSite\",\"@id\":\"https:\\\/\\\/nextglow.be\\\/#website\",\"url\":\"https:\\\/\\\/nextglow.be\\\/\",\"name\":\"Next Glow\",\"description\":\"Your Glow, Your Power\",\"publisher\":{\"@id\":\"https:\\\/\\\/nextglow.be\\\/#organization\"},\"potentialAction\":[{\"@type\":\"SearchAction\",\"target\":{\"@type\":\"EntryPoint\",\"urlTemplate\":\"https:\\\/\\\/nextglow.be\\\/?s={search_term_string}\"},\"query-input\":{\"@type\":\"PropertyValueSpecification\",\"valueRequired\":true,\"valueName\":\"search_term_string\"}}],\"inLanguage\":\"fr-FR\"},{\"@type\":\"Organization\",\"@id\":\"https:\\\/\\\/nextglow.be\\\/#organization\",\"name\":\"Next Glow\",\"url\":\"https:\\\/\\\/nextglow.be\\\/\",\"logo\":{\"@type\":\"ImageObject\",\"inLanguage\":\"fr-FR\",\"@id\":\"https:\\\/\\\/nextglow.be\\\/#\\\/schema\\\/logo\\\/image\\\/\",\"url\":\"https:\\\/\\\/nextglow.be\\\/wp-content\\\/uploads\\\/2025\\\/08\\\/nextglowlogo.png\",\"contentUrl\":\"https:\\\/\\\/nextglow.be\\\/wp-content\\\/uploads\\\/2025\\\/08\\\/nextglowlogo.png\",\"width\":470,\"height\":194,\"caption\":\"Next Glow\"},\"image\":{\"@id\":\"https:\\\/\\\/nextglow.be\\\/#\\\/schema\\\/logo\\\/image\\\/\"},\"sameAs\":[\"https:\\\/\\\/www.instagram.com\\\/next.glow.be\\\/\",\"https:\\\/\\\/www.snapchat.com\\\/@nextglow.be\"]}]}<\/script>\n<!-- \/ Yoast SEO plugin. -->","yoast_head_json":{"title":"Conseils - Next Glow","robots":{"index":"index","follow":"follow","max-snippet":"max-snippet:-1","max-image-preview":"max-image-preview:large","max-video-preview":"max-video-preview:-1"},"canonical":"https:\/\/nextglow.be\/index.php\/conseils\/","og_locale":"fr_FR","og_type":"article","og_title":"Conseils - Next Glow","og_url":"https:\/\/nextglow.be\/index.php\/conseils\/","og_site_name":"Next Glow","article_modified_time":"2026-04-11T13:06:23+00:00","twitter_card":"summary_large_image","schema":{"@context":"https:\/\/schema.org","@graph":[{"@type":"WebPage","@id":"https:\/\/nextglow.be\/index.php\/conseils\/","url":"https:\/\/nextglow.be\/index.php\/conseils\/","name":"Conseils - Next Glow","isPartOf":{"@id":"https:\/\/nextglow.be\/#website"},"datePublished":"2026-04-11T01:04:45+00:00","dateModified":"2026-04-11T13:06:23+00:00","breadcrumb":{"@id":"https:\/\/nextglow.be\/index.php\/conseils\/#breadcrumb"},"inLanguage":"fr-FR","potentialAction":[{"@type":"ReadAction","target":["https:\/\/nextglow.be\/index.php\/conseils\/"]}]},{"@type":"BreadcrumbList","@id":"https:\/\/nextglow.be\/index.php\/conseils\/#breadcrumb","itemListElement":[{"@type":"ListItem","position":1,"name":"Accueil","item":"https:\/\/nextglow.be\/"},{"@type":"ListItem","position":2,"name":"Conseils"}]},{"@type":"WebSite","@id":"https:\/\/nextglow.be\/#website","url":"https:\/\/nextglow.be\/","name":"Next Glow","description":"Your Glow, Your Power","publisher":{"@id":"https:\/\/nextglow.be\/#organization"},"potentialAction":[{"@type":"SearchAction","target":{"@type":"EntryPoint","urlTemplate":"https:\/\/nextglow.be\/?s={search_term_string}"},"query-input":{"@type":"PropertyValueSpecification","valueRequired":true,"valueName":"search_term_string"}}],"inLanguage":"fr-FR"},{"@type":"Organization","@id":"https:\/\/nextglow.be\/#organization","name":"Next Glow","url":"https:\/\/nextglow.be\/","logo":{"@type":"ImageObject","inLanguage":"fr-FR","@id":"https:\/\/nextglow.be\/#\/schema\/logo\/image\/","url":"https:\/\/nextglow.be\/wp-content\/uploads\/2025\/08\/nextglowlogo.png","contentUrl":"https:\/\/nextglow.be\/wp-content\/uploads\/2025\/08\/nextglowlogo.png","width":470,"height":194,"caption":"Next Glow"},"image":{"@id":"https:\/\/nextglow.be\/#\/schema\/logo\/image\/"},"sameAs":["https:\/\/www.instagram.com\/next.glow.be\/","https:\/\/www.snapchat.com\/@nextglow.be"]}]}},"jetpack_sharing_enabled":true,"_links":{"self":[{"href":"https:\/\/nextglow.be\/index.php\/wp-json\/wp\/v2\/pages\/1605","targetHints":{"allow":["GET"]}}],"collection":[{"href":"https:\/\/nextglow.be\/index.php\/wp-json\/wp\/v2\/pages"}],"about":[{"href":"https:\/\/nextglow.be\/index.php\/wp-json\/wp\/v2\/types\/page"}],"author":[{"embeddable":true,"href":"https:\/\/nextglow.be\/index.php\/wp-json\/wp\/v2\/users\/4"}],"replies":[{"embeddable":true,"href":"https:\/\/nextglow.be\/index.php\/wp-json\/wp\/v2\/comments?post=1605"}],"version-history":[{"count":5,"href":"https:\/\/nextglow.be\/index.php\/wp-json\/wp\/v2\/pages\/1605\/revisions"}],"predecessor-version":[{"id":1638,"href":"https:\/\/nextglow.be\/index.php\/wp-json\/wp\/v2\/pages\/1605\/revisions\/1638"}],"wp:attachment":[{"href":"https:\/\/nextglow.be\/index.php\/wp-json\/wp\/v2\/media?parent=1605"}],"curies":[{"name":"wp","href":"https:\/\/api.w.org\/{rel}","templated":true}]}}